 - 1748*g + 13992. What is x(8)?
-56
Let z(q) = 27045*q + 5057420. Determine z(-187).
5
Let v(y) = -3*y**2 - 107*y - 245. Calculate v(-33).
19
Let p(d) = 56*d**2 + 88*d + 2817. Determine p(0).
2817
Let g(q) = -q**3 + 245*q**2 + 2899*q - 21249. Calculate g(256).
-1
Let d(u) = -9*u**3 - 1107*u**2 - 34054*u - 988. Determine d(-62).
4
Let n(o) = 23*o**3 + 270*o**2 + 20*o + 565. Calculate n(-12).
-539
Let w(m) = 602*m + 1055. Calculate w(-2).
-149
Let a(l) = l**3 - 32*l**2 - 567*l + 196. What is a(-13)?
-38
Let i(l) = -69628*l - 1044405. Give i(-15).
15
Let f(a) = 39202*a - 5409835. What is f(138)?
41
Let s(v) = v**3 + 454*v**2 + 29620*v - 1881. Give s(-375).
-6
Let s(p) = 15406*p - 200478. Calculate s(13).
-200
Let d(j) = j**3 - 7*j**2 - 10*j - 182. What is d(10)?
18
Let r(c) = -71*c**3 - 11218*c**2 + 11*c + 1743. Give r(-158).
5
Let h(n) = n**3 + 7*n**2 - 69*n - 458. Give h(-6).
-8
Let g(v) = v**3 - 33*v**2 - 74*v - 156. What is g(35)?
-296
Let a(w) = 4*w**2 - 660*w - 56. Calculate a(164).
-712
Let v(g) = -g**3 - 61*g**2 - 839*g - 44. Give v(-40).
-84
Let s(w) = 7*w**2 - 756*w - 1755. Give s(110).
-215
Let n(k) = 51*k**2 - 172*k - 4. Calculate n(8).
1884
Let q(g) = g**3 + 74*g**2 + 379*g + 34073. Calculate q(-75).
23
Let h(u) = 2*u**3 - 507*u**2 - 125*u - 33102. What is h(254)?
-336
Let h(z) = 2*z**2 - 449*z + 8109. What is h(20)?
-71
Let h(a) = -a**3 - 41*a**2 - 2589*a - 101661. What is h(-40)?
299
Let b(w) = -w**3 - 35*w**2 - 138*w + 16. Give b(-18).
-3008
Let w(d) = d**2 - 144*d - 12435. Give w(-62).
337
Let z(d) = -2010817*d - 18097349. What is z(-9)?
4
Let b(v) = 2*v**3 + 171*v**2 + 1166*v + 184. What is b(-78)?
496
Let z(v) = 55937*v - 167806. Calculate z(3).
5
Let o(b) = -3*b**3 + 355*b**2 + 968*b - 89. What is o(121)?
-89
Let v(r) = -r**2 - 647*r - 95527. Calculate v(-419).
5
Let c(k) = 194*k + 52946. Calculate c(-270).
566
Let p(v) = v**3 + 56*v**2 - 24*v + 9014. Determine p(-59).
-13
Let w(q) = q**3 + 7*q**2 - 2186*q + 8620. Calculate w(4).
52
Let u(x) = -x**2 - 210*x + 41399. Calculate u(124).
-17
Let l(d) = -1819*d - 46704. Calculate l(-25).
-1229
Let u(k) = -k**3 - 43*k**2 + 13*k + 242. Calculate u(-43).
-317
Let x(q) = 4*q**2 - 302*q - 403. Give x(75).
-553
Let l(j) = 5*j**3 - 439*j**2 - 82*j - 532. Calculate l(88).
-4
Let m(f) = 17*f**3 + 871*f**2 + 1037*f - 656. Give m(-50).
-6
Let v(a) = 17914*a - 5642902. What is v(315)?
8
Let q(m) = -48169*m + 1204269. Determine q(25).
44
Let i(d) = -27*d**3 + 63*d**2 + 201*d - 606. Determine i(3).
-165
Let o(p) = 91*p**3 + 7006*p**2 - 83*p - 442. Calculate o(-77).
20
Let u(d) = -d**2 + 5631*d + 255424. Determine u(-45).
4
Let x(y) = 4*y**2 - 40*y + 381. What is x(7)?
297
Let o(y) = 71*y**3 + 57*y**2 - 13*y - 3. Determine o(-1).
-4
Let q(c) = 61*c - 10423. Calculate q(159).
-724
Let a(u) = u**2 + 1564*u - 30174. Determine a(19).
-97
Let r(q) = -q**2 - 19682*q + 1561119. Calculate r(79).
0
Let m(w) = 2*w**3 + 29*w**2 - 1729*w + 10941. Calculate m(8).
-11
Let o(x) = 540*x**2 - 232740*x. What is o(431)?
0
Let r(f) = f**3 + 20*f**2 + 970*f + 15687. Determine r(-17).
64
Let i(z) = 35*z**3 + 318*z**2 + 30*z + 40. What is i(-9)?
13
Let j(f) = f**2 + 438*f - 13507. What is j(29)?
36
Let v(c) = -15*c**2 - 2096*c + 6132. Calculate v(-143).
-875
Let b(i) = 76*i**2 + 15424*i - 383. Calculate b(-203).
429
Let a(d) = -5*d**2 - 523*d + 13539. Give a(-126).
57
Let m(s) = 22*s**2 - 713*s - 395. Give m(33).
34
Let x(z) = z**3 + 187*z**2 - 1751*z + 2638. Calculate x(-196).
90
Let k(t) = -14*t**2 + 179*t - 219. Determine k(12).
-87
Let g(b) = -498*b + 1948. Give g(1).
1450
Let i(n) = n**3 - 152*n**2 - 331*n + 3544. Give i(154).
2
Let b(o) = 189*o + 3494. Give b(-18).
92
Let x(m) = m**2 - 27*m - 1571. Give x(56).
53
Let g(y) = 105268*y - 210506. Determine g(2).
30
Let v(z) = -106*z**2 - 661*z - 258. Give v(-6).
-108
Let p(o) = 2146*o + 178125. What is p(-83)?
7
Let r(q) = 2*q**3 - 63*q**2 + 92*q - 38. Calculate r(30).
22
Let j(f) = -f**3 - 240*f**2 + 436*f - 11612. Give j(-242).
4
Let u(c) = 7960*c - 493603. Give u(62).
-83
Let v(k) = k**2 - 2455*k + 430356. Determine v(190).
6
Let n(l) = l**3 - 2716*l**2 + 5049*l + 1028606. What is n(2714)?
0
Let q(v) = 197*v**2 + 1887*v - 832. Give q(-10).
-2
Let o(m) = 4333*m - 316346. Determine o(73).
-37
Let a(f) = -153*f + 13421. Determine a(86).
263
Let r(h) = 2*h**3 - 135*h**2 + 687*h - 351. What is r(62)?
-41
Let i(w) = 4*w**2 + 379*w - 1360. What is i(-98)?
-86
Let t(i) = -i**3 - 70*i**2 + 115*i - 307. Calculate t(-72).
1781
Let c(h) = -14*h - 330. What is c(-65)?
580
Let n(f) = 7*f**3 - 920*f**2 + 351*f + 5501. Calculate n(131).
-1
Let v(l) = 5*l**3 + 986*l**2 - 796*l - 795. Calculate v(-198).
-3
Let q(u) = 2*u**2 - 1027*u - 38981. Calculate q(549).
-2
Let g(c) = -26*c**3 + 31*c**2 - 7799*c + 7800. Give g(1).
6
Let h(z) = -50708*z - 507075. Give h(-10).
5
Let w(j) = 11*j**3 + 295*j**2 - 61*j - 136. Determine w(-27).
53
Let p(y) = -38*y**3 - 1809*y**2 + 718*y - 87. What is p(-48)?
9
Let j(b) = 167018*b - 10021096. Determine j(60).
-16
Let f(u) = u**3 - 887*u**2 + 2607*u + 39865. Determine f(884).
85
Let a(p) = 4*p**2 + 2779*p + 43429. Calculate a(-16).
-11
Let j(b) = 278*b - 13619. Give j(48).
-275
Let i(r) = -757*r + 23477. What is i(31)?
10
Let w(o) = -3*o**2 - 1179*o - 54920. Determine w(-54).
-2
Let t(z) = -z**3 - 239*z**2 + 463*z - 4691. What is t(-241)?
-112
Let h(w) = 7*w**2 - 1497*w + 7481. What is h(5)?
171
Let b(q) = 231*q**2 + 2763*q - 53. Give b(-12).
55
Let f(t) = t**3 + 230*t**2 - 732*t - 7662. Determine f(-233).
27
Let y(u) = -u**2 - 65570*u + 1311845. What is y(20)?
45
Let a(f) = -f**2 - 1009*f + 23492. Give a(24).
-1300
Let p(g) = 7462*g - 268665. Give p(36).
-33
Let g(x) = -155*x**3 + 6*x**2 + 183*x - 571. Give g(3).
-4153
Let b(k) = -k**3 + 45*k**2 + 4331*k + 183. Give b(-47).
-146
Let f(u) = u**3 + 68*u**2 - 1227*u + 1505. Calculate f(-83).
11
Let l(o) = -2736*o - 2077. Give l(-2).
3395
Let y(w) = -623*w - 3837. Give y(-5).
-722
Let o(l) = -916*l - 18350. Determine o(-20).
-30
Let w(p) = p**3 - 49*p**2 + 18700*p - 874451. Give w(47).
31
Let c(j) = -2*j**3 + 95*j**2 - 70*j - 5979. Determine c(45).
996
Let i(c) = -18*c**3 + 4*c**2 - 4*c - 2056. Calculate i(0).
-2056
Let z(q) = -7274*q + 471. Determine z(0).
471
Let w(k) = -2534*k - 836198. Give w(-330).
22
Let g(m) = 2*m**3 + 43*m**2 + 234*m + 1124. Give g(-18).
-820
Let x(v) = v**3 + 45*v**2 + 6*v - 95. What is x(-44)?
1577
Let p(w) = -3448*w - 1944739. Give p(-564).
-67
Let m(c) = -62633*c + 501077. What is m(8)?
13
Let m(q) = -q**3 - 693*q**2 + 211*q - 335193. Give m(-694).
9
Let j(p) = -245967*p - 13282207. What is j(-54)?
11
Let w(n) = 2657*n - 13308. Calculate w(5).
-23
Let q(l) = 1102*l - 62782. What is q(57)?
32
Let h(j) = -j**3 - 14*j**2 - 64*j - 632. Calculate h(-13).
31
Let h(l) = -l**3 + 33*l**2 + 236*l + 75. Determine h(-6).
63
Let y(h) = h**2 - 69164*h + 414957. Calculate y(6).
9
Let m(h) = -6*h**2 + 540*h + 3529. What is m(96)?
73
Let s(r) = -2411*r - 388159. Determine s(-161).
12
Let o(i) = -i**3 + 93*i**2 - 555*i + 2882. What is o(87)?
11
Let f(q) = -15790*q - 93012. Determine f(-6).
1728
Let d(n) = n**2 + 30*n - 353. Calculate d(-30).
-353
Let k(m) = 4*m**3 - 173*m**2 - 1832*m + 661. What is k(52)?
37
Let i(n) = 3*n**3 + 165*n**2 + 13*n + 1378. Calculate i(-55).
663
Let r(j) = j**3 - 82*j**2 - 5*j + 4790. Give r(8).
14
Let y(c) = -1536*c - 14055. What is y(-10)?
1305
Let t(p) = -2*p**3 - 77*p**2 - 44*p - 260. Determine t(-38).
-32
Let r(u) = -1679895*u + 16798948. Give r(10).
-2
Let f(m) = -28*m**2 + 289861*m + 289862. Give f(-1).
-27
Let v(x) = -578*x**3 - 6*x**2 + 66*x + 75. What is v(-1)?
581
Let w(y) = 515*y**2 - 31*y + 27. Calculate w(1).
511
Let v(h) = 111*h**2 + 600*h - 354. Calculate v(-6).
42
Let o(u) = 73*u - 21529. What is o(293)?
-140
Let b(t) = -t**3 - 40*t**2 - 161*t - 5798. Give b(-40).
642
Let z(w) = 41077*w + 6161561. Determine z(-150).
11
Let m(a) = a**3 + 2*a**2 - 144*a + 1197. Determine m(-16).
-83
Let f(y) = -207*y**2 - 2267*y + 127. What is f(-11)?
17
Let n(u) = 69481*u + 208866. Determine n(-3).
423
Let y(p) = -p**2 - 8186*p - 4932802. Determine y(-655).
3
Let j(f) = 464440*f + 1857758. Calculate j(-4).
-2
Let m(o) = 21325*o - 127958. Determine m(6).
-8
Let l